 i(-2).
5
Let j be (9/(-4))/((-2)/8). Let i(z) = 306*z**2 + 160*z + 23. Let v(k) = -13*k**2 - 7*k - 1. Let h(t) = -2*i(t) - 47*v(t). Calculate h(j).
1
Let r(z) = 5*z**2 - 8*z + 4. Suppose -6 - 3 = 3*h + 3*l, h + 3*l + 7 = 0. Let q(j) = -2*j**2 + j. Let v(x) = h*r(x) - 2*q(x). Calculate v(6).
-4
Suppose 0 = -h - 7, -3*x + 5*h + 48 - 106 = 0. Let w(j) = -j**3 - 31*j**2 + 7*j + 221. Determine w(x).
4
Let y(q) = 3*q**2 + 24*q + 8. Let x = 199 + -207. Let r be y(x). Let u(n) = n**2 - 8*n + 8. Determine u(r).
8
Let n(f) = f**3 + 2*f + 3. Let h = -178 - -181. Suppose 7*p + 3*j = 8*p + 11, -4*p + h*j = 17. Determine n(p).
-9
Let b(j) = -j**2 - 277*j + 1413. Let g be b(5). Let w(i) be the third derivative of -i**5/60 + i**4/6 + i**3/3 - i**2. Determine w(g).
5
Let b(c) = 3*c**3 - 27*c**2 - 44. Let k(g) = -2*g**3 + 23*g**2 + g + 42. Let r(q) = 3*b(q) + 4*k(q). Calculate r(-11).
-8
Let c be (8 - (9 - -1))/(5/5). Let r(t) = -9*t - 6. Give r(c).
12
Let s be (-72)/30 - 2/(-5). Let j(p) be the third derivative of -1/120*p**6 + 1/24*p**4 - 2*p**2 - 18*p + 0 + 1/30*p**5 + 1/6*p**3. What is j(s)?
15
Let j = 8 + -4. Let n(y) = 0*y - 56356*y**2 - 5*y + 56358*y**2. Give n(j).
12
Let j(v) = 6*v + 91. Let u = -1757 - -1743. Give j(u).
7
Let m(y) = -y**3 + 21*y**2 + 4*y - 88. Let o be (-9)/(-117) - (3 + 622/(-26)). Calculate m(o).
-4
Let s(o) = 14*o - 1. Suppose 14*k = 12*k + 2*t, t = -2*k + 12. Let w(x) = -6*x + 1. Let h(j) = k*s(j) + 9*w(j). Let z(y) = y + 6. Let f be z(0). Calculate h(f).
17
Let k(u) = -84*u - 172. Suppose 151*h + 54*h + 570 = -80*h. What is k(h)?
-4
Let a(v) = 5*v. Let m(s) = 3 + 93*s - 55*s - 65*s + 2. Let g(w) = -6*a(w) - m(w). Calculate g(-11).
28
Let v(r) = 3*r**2 - r. Suppose -3*z + 0*z + z = 0. Let x be (-652)/(-60) - ((-2)/15 + z). Suppose -x*c + 9*c + 2 = 0. Give v(c).
2
Let l(f) = -10*f**2 - 349*f - 61. Let r be l(-36). Let m = 460 + r. Let j(h) be the third derivative of -h**4/4 + h**3/2 + h**2. What is j(m)?
-15
Let y(i) = -i**2 - 7*i - 13. Let g = -7423 - -7411. Give y(g).
-73
Let z = -22320 + 22324. Let g(j) = -j - 2. Let o(q) = 2*q + 5. Let a(b) = 5*g(b) + 3*o(b). Determine a(z).
9
Let j(w) = -2*w**2 - 44*w - 64. Suppose -3*p + 2*s - 73 = -5, -5*p = -5*s + 120. Let y be j(p). Let m(f) = -f**2 + 17*f - 17. What is m(y)?
-1
Let n(y) = y - 18. Suppose -12*m + 5558 = 5654. Give n(m).
-26
Let d be (8 + (-76)/10)*-5. Let m(i) = i**3 + 2*i + 11. Give m(d).
-1
Let q(k) = 3*k**2 + 33*k + 16. Let c(s) = 7*s**2 + 87*s + 33. Let h(r) = -2*c(r) + 5*q(r). Give h(7).
0
Let l = 26 + -23. Let g(x) = 4*x + 0*x**l - 3*x + 2 + 2*x - x**3. What is g(-2)?
4
Let q(g) be the first derivative of -g**3/3 - 9*g**2/2 - 28*g - 337. Give q(-8).
-20
Let h(x) = -11*x**3 - 42*x**2 + 47*x - 2. Let z(f) = 5*f**3 + 20*f**2 - 21*f. Let c(j) = -4*h(j) - 9*z(j). What is c(-12)?
-4
Let u(s) = s**2. Let p(q) = -3*q**2 + q - 1. Suppose -l - 4 = l. Let v(x) = l*p(x) - 7*u(x). What is v(-3)?
-1
Let l(i) be the first derivative of i**3/3 - 7*i**2/2 - 4*i - 16. Give l(8).
4
Let p(u) be the third derivative of 8*u**2 - 1/3*u**4 + 1/30*u**5 - u - 1/3*u**3 + 0. Determine p(5).
8
Let o(n) be the second derivative of -n**4/6 - n**3/6 + n**2/2 - n. Suppose -4*f - 5*z - 8 = 0, -4*f - 418 = -3*z - 442. What is o(f)?
-20
Let z(a) = -4*a**3 - 3*a + 2. Let d(x) = x**3 - 13*x**2 + 31*x + 67. Let g be d(6). Determine z(g).
-5
Let y(n) = -n**3 - 4*n**2 - n - 1. Let s(u) = u**3 + 11*u**2 + 23*u - 38. Let d be s(-7). Give y(d).
-7
Let d(m) be the first derivative of m**2/2 + 167. Let z(b) = b**3 + 9*b**2 + 8*b - 17. Let g be z(-8). Let y = 14 + g. What is d(y)?
-3
Let x be 7 - (-1 - 8/(-4)). Let d be 3*20/x + -1. Let s(c) = 27 + 19 + c**2 - 8*c - 53. Determine s(d).
2
Let p(x) = 79*x - 87*x - 1086 + 1090 + x**2. Let y = 66 + -62. Determine p(y).
-12
Suppose -19*g = 69*g - 169 - 271. Let u(v) be the third derivative of -1/60*v**g + 6*v**2 + 1/12*v**4 + 0 + 0*v - 1/2*v**3. Give u(3).
-6
Let y(d) = -31*d**2 - 50*d + 135. Let n(z) = 17*z**2 + 26*z - 69. Let a(i) = -11*n(i) - 6*y(i). Determine a(8).
-3
Let v(x) = 6*x**2 - 2*x - 9. Let o be v(5). Let z = -137 + o. Let d(i) = -i**2 - 5*i + 1. What is d(z)?
-5
Let y(j) = j**2 + 10*j - 8. Let a(m) be the second derivative of m**4/12 + 9*m**3/2 + 83*m**2/2 - 24*m. Let o be a(-23). What is y(o)?
-17
Let t(r) = -129*r + 8 - 118*r + 245*r + 10. What is t(9)?
0
Let h(g) = -g**3 + 4*g**2 + g + 4. Let d be h(4). Let b(q) = 13*q - 70*q + 2 + q**2 + 19*q + 29*q. Calculate b(d).
-6
Suppose -1086 = 5*q - 1066. Let k be ((-8)/22)/(q*(-4)/(-88)). Let b(z) = z + 1. Let f(s) = -2*s**2 - 3*s - 2. Let y(m) = 4*b(m) + 2*f(m). Calculate y(k).
-20
Let u(q) = -15*q - 2. Let n(l) be the second derivative of 7*l**3/6 + l**2/2 - 15*l. Let p(y) = 10*n(y) + 4*u(y). Determine p(-3).
-28
Let s(t) = -4*t**2 + t + 11. Let k be s(-5). Let j = 100 + k. Suppose 19*a + j = 22*a. Let h(g) = -g**3 + g**2 - 1. Determine h(a).
-5
Let o(f) = 17*f**2 - 3*f + 2. Suppose 2*w - 9 = i, -29*i + 3*w - 13 = -27*i. Determine o(i).
16
Let v = 13620 - 13627. Let l(s) = -s - 13. What is l(v)?
-6
Let r be (8/(-15))/(61/(-1830)). Let x be 21*(-2)/(-3) + 1. Suppose -x = 19*n - r*n. Let z(h) = h**2 + 3*h + 5. Determine z(n).
15
Let k(m) = m + 15. Let z = -2260 - -2249. Calculate k(z).
4
Let y(l) = -l**2 - 12*l - 10. Let t be 42/(-147) - 46/(-14). Suppose -11 + t = -4*z. Suppose z*x + 49 = -4*s - x, -23 = 2*s + x. Give y(s).
10
Let p(w) be the third derivative of 0 + 0*w - 1/120*w**6 + 7/60*w**5 + 1/6*w**4 + 145*w**2 - 2/3*w**3. What is p(7)?
24
Suppose 10*z - 367 = -267. Let v(k) = -1 + 0*k + 5*k - z*k + 7*k. Give v(-4).
-9
Let m(b) = 12*b + 158. Let p(t) = 10*t + 127. Let j(g) = -2*m(g) + 3*p(g). Calculate j(-6).
29
Let h be (-18)/((-3)/(-1))*(1 - -1). Let u be (-3)/(-2)*(h + 14). Let v(l) = -l + 58*l**3 - 25*l**u - 22*l**3 + l**2 - 1. What is v(-1)?
-10
Let u(q) = q**3 + 4*q**2 - 7*q + 25. Let r = -75 - -77. Suppose -26 + r = 4*a. Let v be u(a). Let s(x) = -4*x + 1. What is s(v)?
21
Let q(s) = -2*s. Suppose 2*f + 10*h = 8*h + 20, -2*f - 4*h = -32. Determine q(f).
-8
Let u(f) be the second derivative of -1/2*f**2 - 21*f + 2 + 1/6*f**3. Give u(6).
5
Let m(p) = 11*p - 305 + 264 + 32*p. Let v be m(1). Let h(s) = -2*s**2 + 2*s. Calculate h(v).
-4
Let b(a) = 43*a**2 - 205 + 70 - a**3 + 0*a**3 + 61 + a + 18. Calculate b(43).
-13
Suppose 35*h + 8 = 37*h. Suppose -4*n = 12 - h. Let a be (-3 - n)*-6*(0 - 1). Let m(x) = -2*x - 4. Calculate m(a).
8
Let l(y) be the second derivative of 1/2*y**4 + 1/20*y**5 - 5/6*y**3 - 55*y - 4*y**2 + 0. Determine l(-7).
-22
Suppose -49 = -3*c - d, 0 = -4*c - 2*d - 13 + 79. Suppose -16*o = 23*o - 390. Let h(f) = -f**3 + c*f**2 - o*f**2 + 2*f**3 + 1 - 9*f**2. Determine h(1).
-1
Let b(l) = l**3 + 2*l**2 + 502405*l - 502408*l + 3 + 2*l**2. What is b(-5)?
-7
Let m(p) = -3*p + 3. Let d(r) = 7*r - 67. Let h(y) = -d(y) - 5*m(y). Determine h(-3).
28
Let s(h) = -4*h. Let d(v) = -33 - 58 + 6*v + 91. Suppose 0 = -2*u + 2*i + 12, 2*u = -3*u - i + 24. Let q(g) = u*s(g) + 4*d(g). Calculate q(3).
12
Let k(g) = g**2 - 5*g + 9. Let s(b) = 4 + 10 + 5 - 20. Let u(d) = -k(d) - 2*s(d). What is u(5)?
-7
Let d(k) = k**3 - 30*k**2 + 30*k - 31. Let a be d(29). Let q(x) = x**3 + x**2 - 5*x - 3. Give q(a).
3
Let c(y) = -6 - 250*y + 291*y - 396*y**2 + 399*y**2. Calculate c(-13).
-32
Let w(y) = -7*y**2 + 14*y - 10. Let i(s) = -8*s**2 + 1 + 10*s**2 - s**2 - s. Let q(f) = 6*i(f) + w(f). Suppose 0 = -k - k + 12. Give q(k).
8
Suppose 42*k - 63*k = 0. Let l(i) be the third derivative of -1/2*i**4 + 5*i**2 + k - 1/6*i**3 + 0*i. What is l(-1)?
11
Let m(l) be the second derivative of l**5/20 + l**3/6 - l. Suppose -6*w - 186 = -6. Let c be (-15)/3*6/w. What is m(c)?
2
Let r be 33/(-72) + -3 + 42/12. Let y(w) be the third derivative of 1/120*w**6 - 2*w**2 + 0 + 0*w**5 + w**3 + 0*w - r*w**4. What is y(0)?
6
Let w(d) be the second derivative of 1/2*d**2 - 2*d + 0*d**3 + 5 + 1/12*d**4. Calculate w(0).
1
Let c(n) = -5*n + 4. Let v(g) = g - 4. Let j(r) = -8*r - 7. Let w(h) = j(h) - 4*v(h). Let f(m) = -9*c(m) + 4*w(m). Calculate f(-3).
9
Let x(q) = -q. Let g(z) = -3*z - 25. Let i(t) = -g(t) + 5*x(t). Let p be i(11). Suppose d + 28 = -p*d. Let l(a) = -a**3 - 7*a**2 - a + 3. Determine l(d).
10
Let h(w) be the first derivativ